{"id":12412,"date":"2021-04-26T18:49:48","date_gmt":"2021-04-26T16:49:48","guid":{"rendered":"http:\/\/alberghierosonzogni.it\/sitoprecedente\/?page_id=12412"},"modified":"2021-04-26T18:56:45","modified_gmt":"2021-04-26T16:56:45","slug":"erasmus-vet","status":"publish","type":"page","link":"https:\/\/alberghierosonzogni.it\/sitoprecedente\/erasmus-vet\/","title":{"rendered":"Erasmus + VET"},"content":{"rendered":"<p><strong>L\u2019Istituto Professionale Alberghiero Sonzogni di Nembro \u00e8 membro del consorzio di istituti scolastici (scuola \u00a0capofila IIS \u201cMantegna\u201d di Brescia) che hanno ottenuto l\u2019accreditamento\u00a0 Erasmus+ nel settore dell\u2019istruzione e formazione\u00a0professionale per il settennato 2021\/2027.<\/strong><\/p>\n<p><strong>\u00a0<\/strong><\/p>\n<p><strong>Opportunit\u00e0 e obiettivi di Erasmus + VET<\/strong><\/p>\n<p>In Erasmus+ le opportunit\u00e0 per il mondo dell\u2019Istruzione e della Formazione Professionale (VET \u2013 Vocational Education and Training) intendono migliorare la qualit\u00e0 e l\u2019efficacia dei sistemi e delle prassi del settore in Europa perseguendo gli obiettivi di:<\/p>\n<ul>\n<li>migliorare le competenze professionali degli individui;<\/li>\n<li>ampliare le conoscenze e la comprensione delle politiche e delle pratiche nazionali;<\/li>\n<li>rafforzare la qualit\u00e0 dell\u2019insegnamento e dell\u2019apprendimento;<\/li>\n<li>favorire la modernizzazione e internazionalizzazione delle istituzioni educative e formative;<\/li>\n<li>promuovere attivit\u00e0 di mobilit\u00e0.<\/li>\n<\/ul>\n<p><strong>Azioni previste:<\/strong><\/p>\n<ul>\n<li><strong>Mobilit\u00e0 per l\u2019apprendimento individuale<\/strong>(KA1), che offre opportunit\u00e0 per studenti, tirocinanti, apprendisti, neodiplomati e neo qualificati, nonch\u00e9 per insegnanti, formatori, esperti del mondo della formazione professionale e organizzazioni della societ\u00e0 civile di intraprendere un\u2019esperienza di apprendimento e\/o professionale in un altro paese.<\/li>\n<\/ul>\n<p><strong>Per approfondimenti visitare il sito <a href=\"http:\/\/www.erasmusplus.it\/erasmusplus\/erasmus\/\" target=\"_blank\" rel=\"noopener\">Erasmus +<\/a>\u00a0<\/strong><\/p>\n<p>&nbsp;<\/p>\n<p><strong>\u00a0<\/strong><\/p>\n<p><strong>\u00a0<\/strong><\/p>\n<p>&nbsp;<\/p>\n","protected":false},"excerpt":{"rendered":"<p>L\u2019Istituto Professionale Alberghiero Sonzogni di Nembro \u00e8 membro del consorzio di istituti scolastici (scuola \u00a0capofila IIS \u201cMantegna\u201d di Brescia) che hanno ottenuto l\u2019accreditamento\u00a0 Erasmus+ nel settore dell\u2019istruzione e formazione\u00a0professionale per il settennato 2021\/2027. \u00a0 Opportunit\u00e0 e obiettivi di Erasmus + VET In Erasmus+ le opportunit\u00e0 per il mondo dell\u2019Istruzione e della Formazione Professionale (VET \u2013&nbsp; &nbsp; <a class=\"moretag\" href=\"https:\/\/alberghierosonzogni.it\/sitoprecedente\/erasmus-vet\/\" title=\"Leggi l&#180;intero articolo\">&raquo;<\/a><\/p>\n","protected":false},"author":12,"featured_media":0,"parent":0,"menu_order":0,"comment_status":"closed","ping_status":"closed","template":"","meta":{"footnotes":""},"class_list":["post-12412","page","type-page","status-publish","hentry"],"yoast_head":"<!-- This site is optimized with the Yoast SEO plugin v27.3 - https:\/\/yoast.com\/product\/yoast-seo-wordpress\/ -->\n<title>Erasmus + VET &#8226; Alberghiero Sonzogni - Nembro (Bergamo)<\/title>\n<meta name=\"robots\" content=\"index, follow, max-snippet:-1, max-image-preview:large, max-video-preview:-1\" \/>\n<link rel=\"canonical\" href=\"https:\/\/alberghierosonzogni.it\/sitoprecedente\/erasmus-vet\/\" \/>\n<meta property=\"og:locale\" content=\"it_IT\" \/>\n<meta property=\"og:type\" content=\"article\" \/>\n<meta property=\"og:title\" content=\"Erasmus + VET &#8226; Alberghiero Sonzogni - Nembro (Bergamo)\" \/>\n<meta property=\"og:description\" content=\"L\u2019Istituto Professionale Alberghiero Sonzogni di Nembro \u00e8 membro del consorzio di istituti scolastici (scuola \u00a0capofila IIS \u201cMantegna\u201d di Brescia) che hanno ottenuto l\u2019accreditamento\u00a0 Erasmus+ nel settore dell\u2019istruzione e formazione\u00a0professionale per il settennato 2021\/2027. \u00a0 Opportunit\u00e0 e obiettivi di Erasmus + VET In Erasmus+ le opportunit\u00e0 per il mondo dell\u2019Istruzione e della Formazione Professionale (VET \u2013&nbsp; &nbsp; &raquo;\" \/>\n<meta property=\"og:url\" content=\"https:\/\/alberghierosonzogni.it\/sitoprecedente\/erasmus-vet\/\" \/>\n<meta property=\"og:site_name\" content=\"Alberghiero Sonzogni - Nembro (Bergamo)\" \/>\n<meta property=\"article:modified_time\" content=\"2021-04-26T16:56:45+00:00\" \/>\n<meta name=\"twitter:card\" content=\"summary_large_image\" \/>\n<meta name=\"twitter:label1\" content=\"Tempo di lettura stimato\" \/>\n\t<meta name=\"twitter:data1\" content=\"1 minuto\" \/>\n<script type=\"application\/ld+json\" class=\"yoast-schema-graph\">{\"@context\":\"https:\\\/\\\/schema.org\",\"@graph\":[{\"@type\":\"WebPage\",\"@id\":\"https:\\\/\\\/alberghierosonzogni.it\\\/sitoprecedente\\\/erasmus-vet\\\/\",\"url\":\"https:\\\/\\\/alberghierosonzogni.it\\\/sitoprecedente\\\/erasmus-vet\\\/\",\"name\":\"Erasmus + VET &#8226; Alberghiero Sonzogni - Nembro (Bergamo)\",\"isPartOf\":{\"@id\":\"http:\\\/\\\/alberghierosonzogni.it\\\/sitoprecedente\\\/#website\"},\"datePublished\":\"2021-04-26T16:49:48+00:00\",\"dateModified\":\"2021-04-26T16:56:45+00:00\",\"breadcrumb\":{\"@id\":\"https:\\\/\\\/alberghierosonzogni.it\\\/sitoprecedente\\\/erasmus-vet\\\/#breadcrumb\"},\"inLanguage\":\"it-IT\",\"potentialAction\":[{\"@type\":\"ReadAction\",\"target\":[\"https:\\\/\\\/alberghierosonzogni.it\\\/sitoprecedente\\\/erasmus-vet\\\/\"]}]},{\"@type\":\"BreadcrumbList\",\"@id\":\"https:\\\/\\\/alberghierosonzogni.it\\\/sitoprecedente\\\/erasmus-vet\\\/#breadcrumb\",\"itemListElement\":[{\"@type\":\"ListItem\",\"position\":1,\"name\":\"Home\",\"item\":\"http:\\\/\\\/alberghierosonzogni.it\\\/sitoprecedente\\\/\"},{\"@type\":\"ListItem\",\"position\":2,\"name\":\"Erasmus + VET\"}]},{\"@type\":\"WebSite\",\"@id\":\"http:\\\/\\\/alberghierosonzogni.it\\\/sitoprecedente\\\/#website\",\"url\":\"http:\\\/\\\/alberghierosonzogni.it\\\/sitoprecedente\\\/\",\"name\":\"Alberghiero Sonzogni - Nembro (Bergamo)\",\"description\":\"Istituto Professionale di Stato per i Servizi Alberghieri e della Ristorazione\",\"potentialAction\":[{\"@type\":\"SearchAction\",\"target\":{\"@type\":\"EntryPoint\",\"urlTemplate\":\"http:\\\/\\\/alberghierosonzogni.it\\\/sitoprecedente\\\/?s={search_term_string}\"},\"query-input\":{\"@type\":\"PropertyValueSpecification\",\"valueRequired\":true,\"valueName\":\"search_term_string\"}}],\"inLanguage\":\"it-IT\"}]}<\/script>\n<!-- \/ Yoast SEO plugin. -->","yoast_head_json":{"title":"Erasmus + VET &#8226; Alberghiero Sonzogni - Nembro (Bergamo)","robots":{"index":"index","follow":"follow","max-snippet":"max-snippet:-1","max-image-preview":"max-image-preview:large","max-video-preview":"max-video-preview:-1"},"canonical":"https:\/\/alberghierosonzogni.it\/sitoprecedente\/erasmus-vet\/","og_locale":"it_IT","og_type":"article","og_title":"Erasmus + VET &#8226; Alberghiero Sonzogni - Nembro (Bergamo)","og_description":"L\u2019Istituto Professionale Alberghiero Sonzogni di Nembro \u00e8 membro del consorzio di istituti scolastici (scuola \u00a0capofila IIS \u201cMantegna\u201d di Brescia) che hanno ottenuto l\u2019accreditamento\u00a0 Erasmus+ nel settore dell\u2019istruzione e formazione\u00a0professionale per il settennato 2021\/2027. \u00a0 Opportunit\u00e0 e obiettivi di Erasmus + VET In Erasmus+ le opportunit\u00e0 per il mondo dell\u2019Istruzione e della Formazione Professionale (VET \u2013&nbsp; &nbsp; &raquo;","og_url":"https:\/\/alberghierosonzogni.it\/sitoprecedente\/erasmus-vet\/","og_site_name":"Alberghiero Sonzogni - Nembro (Bergamo)","article_modified_time":"2021-04-26T16:56:45+00:00","twitter_card":"summary_large_image","twitter_misc":{"Tempo di lettura stimato":"1 minuto"},"schema":{"@context":"https:\/\/schema.org","@graph":[{"@type":"WebPage","@id":"https:\/\/alberghierosonzogni.it\/sitoprecedente\/erasmus-vet\/","url":"https:\/\/alberghierosonzogni.it\/sitoprecedente\/erasmus-vet\/","name":"Erasmus + VET &#8226; Alberghiero Sonzogni - Nembro (Bergamo)","isPartOf":{"@id":"http:\/\/alberghierosonzogni.it\/sitoprecedente\/#website"},"datePublished":"2021-04-26T16:49:48+00:00","dateModified":"2021-04-26T16:56:45+00:00","breadcrumb":{"@id":"https:\/\/alberghierosonzogni.it\/sitoprecedente\/erasmus-vet\/#breadcrumb"},"inLanguage":"it-IT","potentialAction":[{"@type":"ReadAction","target":["https:\/\/alberghierosonzogni.it\/sitoprecedente\/erasmus-vet\/"]}]},{"@type":"BreadcrumbList","@id":"https:\/\/alberghierosonzogni.it\/sitoprecedente\/erasmus-vet\/#breadcrumb","itemListElement":[{"@type":"ListItem","position":1,"name":"Home","item":"http:\/\/alberghierosonzogni.it\/sitoprecedente\/"},{"@type":"ListItem","position":2,"name":"Erasmus + VET"}]},{"@type":"WebSite","@id":"http:\/\/alberghierosonzogni.it\/sitoprecedente\/#website","url":"http:\/\/alberghierosonzogni.it\/sitoprecedente\/","name":"Alberghiero Sonzogni - Nembro (Bergamo)","description":"Istituto Professionale di Stato per i Servizi Alberghieri e della Ristorazione","potentialAction":[{"@type":"SearchAction","target":{"@type":"EntryPoint","urlTemplate":"http:\/\/alberghierosonzogni.it\/sitoprecedente\/?s={search_term_string}"},"query-input":{"@type":"PropertyValueSpecification","valueRequired":true,"valueName":"search_term_string"}}],"inLanguage":"it-IT"}]}},"_links":{"self":[{"href":"https:\/\/alberghierosonzogni.it\/sitoprecedente\/wp-json\/wp\/v2\/pages\/12412","targetHints":{"allow":["GET"]}}],"collection":[{"href":"https:\/\/alberghierosonzogni.it\/sitoprecedente\/wp-json\/wp\/v2\/pages"}],"about":[{"href":"https:\/\/alberghierosonzogni.it\/sitoprecedente\/wp-json\/wp\/v2\/types\/page"}],"author":[{"embeddable":true,"href":"https:\/\/alberghierosonzogni.it\/sitoprecedente\/wp-json\/wp\/v2\/users\/12"}],"replies":[{"embeddable":true,"href":"https:\/\/alberghierosonzogni.it\/sitoprecedente\/wp-json\/wp\/v2\/comments?post=12412"}],"version-history":[{"count":2,"href":"https:\/\/alberghierosonzogni.it\/sitoprecedente\/wp-json\/wp\/v2\/pages\/12412\/revisions"}],"predecessor-version":[{"id":12416,"href":"https:\/\/alberghierosonzogni.it\/sitoprecedente\/wp-json\/wp\/v2\/pages\/12412\/revisions\/12416"}],"wp:attachment":[{"href":"https:\/\/alberghierosonzogni.it\/sitoprecedente\/wp-json\/wp\/v2\/media?parent=12412"}],"curies":[{"name":"wp","href":"https:\/\/api.w.org\/{rel}","templated":true}]}}